es 90 divide 175978980?
True
Is 42885852 a multiple of 2174?
False
Does 2 divide 12478858?
True
Is 5317 a factor of 248665456?
True
Does 31 divide 481175707?
True
Is 15 a factor of 6595432?
False
Does 117 divide 225053412?
False
Is 100492733 a multiple of 11?
True
Is 185236460 a multiple of 3260?
True
Does 49 divide 26001122?
False
Does 25 divide 3946377550?
True
Does 17 divide 2023011628?
True
Is 3432801150 a multiple of 50?
True
Is 130705220 a multiple of 1108?
True
Does 186 divide 27712326?
True
Does 1132 divide 89198180?
False
Does 17 divide 17190621?
True
Is 247698068 a multiple of 140?
False
Is 172430261 a multiple of 25?
False
Is 40 a factor of 80290636?
False
Is 230 a factor of 110923330?
False
Is 246892541 a multiple of 43?
True
Is 17339538 a multiple of 2013?
False
Is 204326304 a multiple of 728?
True
Does 6 divide 200319396?
True
Does 20 divide 738928260?
True
Is 14251276 a multiple of 53?
True
Is 6 a factor of 339594?
True
Is 955 a factor of 43642545?
True
Is 258308003 a multiple of 915?
False
Does 355 divide 138865350?
True
Is 486 a factor of 1331501217?
False
Does 355 divide 165114091?
False
Does 326 divide 108476443?
False
Is 4787544220 a multiple of 10?
True
Is 15617126 a multiple of 6?
False
Is 247505145 a multiple of 4307?
False
Does 190 divide 4284480810?
True
Does 94 divide 56941722?
True
Does 952 divide 1947792?
True
Does 7 divide 466573513?
True
Is 688296904 a multiple of 907?
True
Is 765 a factor of 15093450?
True
Is 17996322 a multiple of 9?
False
Is 26 a factor of 19202986?
False
Is 1775 a factor of 350840190?
False
Does 180 divide 11122523?
False
Is 20829740 a multiple of 40?
False
Is 772294860 a multiple of 4149?
True
Is 166 a factor of 6704316?
False
Is 2163233253 a multiple of 103?
False
Does 25 divide 3427467886?
False
Is 134385029 a multiple of 95?
False
Is 808 a factor of 36197592?
True
Does 13 divide 16507681?
False
Is 45 a factor of 42063392?
False
Does 3 divide 169196436?
True
Is 44 a factor of 271193957?
False
Does 9893 divide 614998345?
True
Is 1596 a factor of 54208140?
True
Does 545 divide 93610121?
False
Does 18 divide 13566108?
False
Is 6169424 a multiple of 125?
False
Does 1292 divide 6573308400?
True
Does 36 divide 77742936?
True
Is 2713 a factor of 415729268?
True
Does 72 divide 31986360?
True
Is 464355991 a multiple of 18?
False
Is 15 a factor of 21115399?
False
Is 234086778 a multiple of 8?
False
Does 556 divide 430711267?
False
Is 10719747 a multiple of 79?
True
Is 77567904 a multiple of 9?
True
Is 1923 a factor of 1539157074?
False
Does 668 divide 142987404?
True
Is 46150752 a multiple of 492?
False
Is 953930976 a multiple of 3464?
False
Does 8 divide 703936?
True
Does 21 divide 683667432?
True
Does 1550 divide 312226203?
False
Does 209 divide 405139?
False
Is 58823310 a multiple of 24?
False
Is 87638344 a multiple of 4?
True
Is 6035537 a multiple of 16?
False
Is 2757 a factor of 51415293?
True
Does 3524 divide 164516488?
False
Does 80 divide 177029492?
False
Is 2475 a factor of 98703715?
False
Is 35527606 a multiple of 38?
True
Is 3059 a factor of 1248680741?
True
Is 62189000 even?
True
Is 53040134 a multiple of 27?
False
Does 27 divide 104862492?
True
Does 119 divide 26629656?
False
Does 83 divide 974966223?
True
Does 751 divide 11978450?
True
Is 977383607 a multiple of 29?
True
Is 133 a factor of 41343367?
False
Is 421238880 a multiple of 1080?
True
Is 177 a factor of 616846424?
False
Does 791 divide 80860766?
True
Is 825623100 a multiple of 150?
True
Is 417711474 a multiple of 4?
False
Does 2510 divide 362262958?
False
Is 37 a factor of 1036700?
False
Is 199 a factor of 926444573?
False
Does 2392 divide 268655088?
True
Does 127 divide 31889468?
False
Does 275 divide 20564673?
False
Is 1086 a factor of 15384702?
False
Does 561 divide 27363336?
True
Is 2906 a factor of 271837844?
False
Is 3496 a factor of 191451448?
True
Does 9 divide 11742071?
False
Is 70103260 a multiple of 139?
True
Is 179042298 a multiple of 1198?
True
Is 1586149955 a multiple of 359?
True
Does 65 divide 76184660?
False
Is 97550430 a multiple of 9?
False
Does 1030 divide 25654628?
False
Does 8 divide 12208016?
True
Is 2626734208 a multiple of 41?
True
Does 423 divide 35454157?
False
Does 339 divide 536396246?
False
Is 349 a factor of 469475835?
False
Is 156218917 a multiple of 8?
False
Is 39 a factor of 75660810?
False
Does 420 divide 356695920?
True
Does 1205 divide 565614950?
True
Does 232 divide 9368974?
False
Is 2301 a factor of 21522?
False
Does 25 divide 852614925?
True
Is 63 a factor of 244072017?
True
Is 881108518 a multiple of 202?
False
Is 3490 a factor of 157933007?
False
Is 1461608220 a multiple of 142?
False
Is 66976353 a multiple of 2?
False
Is 47 a factor of 32446349?
False
Is 13 a factor of 565555959?
False
Is 14261814 a multiple of 6?
True
Does 10 divide 87081557?
False
Is 841 a factor of 68156322?
True
Is 2201 a factor of 51862043?
False
Does 200 divide 1444489200?
True
Does 941 divide 27735034?
True
Is 8010 a factor of 1003889777?
False
Is 68007349 a multiple of 16?
False
Is 186002804 a multiple of 971?
False
Does 8 divide 510384712?
True
Is 689 a factor of 140204610?
True
Does 24 divide 213239716?
False
Is 94087620 a multiple of 1710?
True
Is 960219055 a multiple of 27?
False
Is 2577008 a multiple of 8?
True
Is 37842552 a multiple of 396?
True
Is 89 a factor of 23705396?
False
Does 93 divide 321943494?
True
Does 114 divide 42631356?
False
Is 13544547 a multiple of 193?
True
Does 125 divide 298930053?
False
Is 39015247 a multiple of 439?
True
Does 2 divide 7374285?
False
Is 976 a factor of 1105514335?
False
Is 717 a factor of 337393671?
True
Does 2527 divide 424182980?
False
Does 13 divide 522648723?
False
Is 19 a factor of 490772601?
False
Is 496381374 a multiple of 18?
True
Is 61 a factor of 28192858?
True
Does 24 divide 9717484?
False
Does 20 divide 1078787220?
True
Is 10 a factor of 1094798698?
False
Is 235656664 a multiple of 514?
True
Is 9 a factor of 39741390?
True
Is 10 a factor of 743101?
False
Is 57 a factor of 304042104?
True
Is 6 a factor of 112615984?
False
Does 172 divide 32911142?
False
Is 33837918 a multiple of 386?
True
Is 2 a factor of 16396591?
False
Is 877991682 a multiple of 20?
False
Is 29 a factor of 178815424?
False
Is 127615955 a multiple of 13?
False
Does 13 divide 640640?
True
Does 363 divide 660580396?
False
Is 1862 a factor of 75585565?
False
Is 75 a factor of 724401809?
False
Is 105996163 a multiple of 813?
False
Is 1113 a factor of 1619612001?
True
Is 4574930597 a multiple of 894?
False
Is 2264 a factor of 3373110257?
False
Is 4592059854 a multiple of 7302?
True
Is 39229136 a multiple of 139?
True
Does 11 divide 10415?
False
Is 405 a factor of 57462615?
True
Is 19627791 a multiple of 223?
True
Is 4737 a factor of 1024996797?
True
Is 83181512 a multiple of 29?
True
Is 80 a factor of 108271504?
False
Is 17 a factor of 37495438?
True
Is 118501768 a multiple of 28?
True
Is 203 a factor of 7264355?
True
Does 577 divide 39872959?
False
Is 138592836 a multiple of 438?
True
Is 4737413 even?
False
Does 120 divide 46264765?
False
Is 169437456 a multiple of 3183?
True
Is 5916 a factor of 336738720?
True
Is 2054094106 a multiple of 69?
False
Is 4 a factor of 354405547?
False
Is 25 a factor of 252252850?
True
Is 52 a factor of 87896333?
False
Is 231283126 a multiple of 1649?
False
Does 222 divide 4475310?
False
Does 84 divide 54915756?
True
Is 149164103 a multiple of 160?
False
Does 3004 divide 1697920880?
True
Does 2736 divide 41379264?
True
Is 499 a factor of 2068852475?
False
Is 13 a factor of 1051812021?
True
Does 147 divide 29344964?
False
Is 237608237 a multiple of 22?
False
Does 6015 divide 865907370?
True
Does 368 divide 11685840?
True
Does 22 divide 7755374?
True
Is 734652226 a multiple of 12?
False
Is 353186464 a multiple of 1928?
True
Does 15 divide 1082227845?
True
Is 6747266 a multiple of 14?
False
Does 13 divide 47361021?
False
Is 6660 a factor of 975031049?
False
Is 8 a factor of 103339310?
False
Is 1374650288 a multiple of 11?
True
Does 6 divide 4014904?
False
Is 194142210 a multiple of 2265?
True
Is 180 a factor of 227474820?
True
Is 3065868 a multiple of 78?
True
Is 4 a factor of 2919796?
True
Is 149 a factor of 380397?
True
Is 33 a factor of 570457041?
True
Does 4